{"id":2,"date":"2016-05-10T03:48:21","date_gmt":"2016-05-10T03:48:21","guid":{"rendered":"http:\/\/beytuljantlastik.com\/?page_id=2"},"modified":"2026-04-16T06:35:30","modified_gmt":"2026-04-16T06:35:30","slug":"sample-page","status":"publish","type":"page","link":"https:\/\/beytuljantlastik.com\/?page_id=2","title":{"rendered":"Beytul Jant Lastik &#8230;"},"content":{"rendered":"<p>Firmam\u0131z kuruldu\u011fu g\u00fcnden beri m\u00fc\u015fteri memnuniyeti odakl\u0131, ara\u00e7lar\u0131ndaki jant ve lastik sorunlar\u0131na tam \u00e7\u00f6z\u00fcm sunan firmay\u0131z.<\/p>\n<p>Konseptimizde bulunan yeni sezon jantlar ile m\u00fc\u015ferilerimizin memnuniyetini odaklamaktay\u0131z.<\/p>\n<p>Her ebatta her marka her b\u00fct\u00e7eye uygun lastiklerimizle m\u00fc\u015fterilerimize yard\u0131mc\u0131 olmak isteriz.<\/p>\n<p>&nbsp;<\/p>\n<p>Sayg\u0131lar\u0131m\u0131zla,<\/p>\n<p>&nbsp;<\/p>\n","protected":false},"excerpt":{"rendered":"<p>Firmam\u0131z kuruldu\u011fu g\u00fcnden beri m\u00fc\u015fteri memnuniyeti odakl\u0131, ara\u00e7lar\u0131ndaki jant ve lastik sorunlar\u0131na tam \u00e7\u00f6z\u00fcm sunan firmay\u0131z. Konseptimizde bulunan yeni sezon jantlar ile m\u00fc\u015ferilerimizin memnuniyetini odaklamaktay\u0131z. Her ebatta her marka her b\u00fct\u00e7eye uygun lastiklerimizle m\u00fc\u015fterilerimize yard\u0131mc\u0131 olmak isteriz. &nbsp; Sayg\u0131lar\u0131m\u0131zla, &nbsp;<\/p>\n","protected":false},"author":1,"featured_media":0,"parent":0,"menu_order":0,"comment_status":"closed","ping_status":"open","template":"","meta":{"footnotes":""},"class_list":["post-2","page","type-page","status-publish","hentry"],"_links":{"self":[{"href":"https:\/\/beytuljantlastik.com\/index.php?rest_route=\/wp\/v2\/pages\/2","targetHints":{"allow":["GET"]}}],"collection":[{"href":"https:\/\/beytuljantlastik.com\/index.php?rest_route=\/wp\/v2\/pages"}],"about":[{"href":"https:\/\/beytuljantlastik.com\/index.php?rest_route=\/wp\/v2\/types\/page"}],"author":[{"embeddable":true,"href":"https:\/\/beytuljantlastik.com\/index.php?rest_route=\/wp\/v2\/users\/1"}],"replies":[{"embeddable":true,"href":"https:\/\/beytuljantlastik.com\/index.php?rest_route=%2Fwp%2Fv2%2Fcomments&post=2"}],"version-history":[{"count":2,"href":"https:\/\/beytuljantlastik.com\/index.php?rest_route=\/wp\/v2\/pages\/2\/revisions"}],"predecessor-version":[{"id":7,"href":"https:\/\/beytuljantlastik.com\/index.php?rest_route=\/wp\/v2\/pages\/2\/revisions\/7"}],"wp:attachment":[{"href":"https:\/\/beytuljantlastik.com\/index.php?rest_route=%2Fwp%2Fv2%2Fmedia&parent=2"}],"curies":[{"name":"wp","href":"https:\/\/api.w.org\/{rel}","templated":true}]}}